{"id":59,"date":"2024-03-18T11:49:48","date_gmt":"2024-03-18T11:49:48","guid":{"rendered":"https:\/\/smarter-finance.de\/?page_id=59"},"modified":"2025-04-24T22:00:26","modified_gmt":"2025-04-24T20:00:26","slug":"impressum","status":"publish","type":"page","link":"https:\/\/smarter-finance.de\/?page_id=59","title":{"rendered":"Impressum"},"content":{"rendered":"\n<p><strong>Herausgeber und Ansprechpartner<br><\/strong>Daniel Charles Bossenz \/\/ Smarter Finance 24 GmbH<br>Dipl. Wirtschaftsjurist (FH), gepr\u00fcfter Versicherungsfachmann (IHK)<\/p>\n\n\n\n<p><\/p>\n\n\n\n<p><strong>Unternehmensadresse<br><\/strong>Smarter Finance 24 GmbH<br>Karl-Koopmann-Platz 4<br>14547 Beelitz<\/p>\n\n\n\n<p><strong>Postanschrift und B\u00fcroadresse in Berlin<br><\/strong>Josef-Orlopp-Stra\u00dfe 46<br>10365 Berlin<\/p>\n\n\n\n<p><strong>B\u00fcroadresse (Co-Working) in Berlin<br><\/strong>Alexanderstra\u00dfe 3<br>10178 Berlin<\/p>\n\n\n\n<p><\/p>\n\n\n\n<p>Telefon: +49 800 267 73 69<br>E-Mail: info \/at\/ smarter-finance \/. \/ de<\/p>\n\n\n\n<p>Verantwortlich f\u00fcr den Inhalt der Seiten gem. \u00a7 55 II RStV: Daniel Charles Bossenz<\/p>\n\n\n\n<p>Registrierungsnummer Finanzanlagen: D-F-107-QJ94-89 (Finanzanlagen\u00advermittler nach \u00a7 34f Abs. 1 S. 1 GewO)<br>Registrierungsnummer: D-AC9I-ESE11-54 (Versicherungsmakler mit Erlaubnis nach \u00a7 34d Abs. 1 GewO)<\/p>\n\n\n\n<p>Zust\u00e4ndiges Gewerbeamt: Beelitz<br>Umsatzsteuer-Identifikationsnummer gem\u00e4\u00df \u00a727a Umsatzsteuergesetz: DE355714700<\/p>\n\n\n\n<h3 class=\"wp-block-heading\">&nbsp;<\/h3>\n\n\n\n<p><\/p>\n\n\n\n<p><\/p>\n\n\n\n<h3 class=\"wp-block-heading\">Angaben gem. \u00a7 11 Versicherungsvermittlungsverordnung<\/h3>\n\n\n\n<p>Als Versicherungsmakler ist eine Erlaubnis nach \u00a7 34 d GewO und Registrierung im Vermittlerregister zum 1.1.2009 erforderlich. Die Ausweisung obligt einer Pflicht.<\/p>\n\n\n\n<p><strong>Status gem\u00e4\u00df Gewerbeordnung<\/strong><br>Als Versicherungsmakler und Investmentberater sind wir selbst\u00e4ndiger Vertreter der Smarter Finance 24 GmbH (folgend: Smarter Finance). Smarter Finance 24 GmbH ist als Finanz- und Versicherungsmakler Handelsmakler gem\u00e4\u00df \u00a7 93 HGB in dem Bereich der Versicherungsvermittlung als Versicherungsmakler gem\u00e4\u00df \u00a7 34 d Absatz 1 der Gewerbeordnung und im Bereich der Finanzanlagenvermittlung gem\u00e4\u00df \u00a7 34 f Absatz 1 Satz 1 Nr. 1 (Investmentfonds) der Gewerbeordnung. Smarter Finance ist nicht verpflichtet, Vertr\u00e4ge f\u00fcr einzelne Produktanbieter zu vermitteln oder f\u00fcr diese zu betreuen, sondern wird im Interesse ihrer Kunden t\u00e4tig. Somit handelt auch der Vermittler im Interesse des Kunden als Versicherungsmakler mit einer Erlaubnis nach \u00a7 34 d Absatz 1 der Gewerbeordnung und als Finanzanlagenvermittler mit einer Erlaubnis nach \u00a7 34 f Absatz 1 Satz 1 Nr. 1 (Investmentfonds) der Gewerbeordnung. Smarter Finance und der f\u00fcr Smarter Finance t\u00e4tige Vermittler bieten im Zuge der Vermittlung eine Beratung gem\u00e4\u00df den gesetzlichen Vorgaben an und erhalten f\u00fcr die erfolgreiche Vermittlung eines Versicherungsvertrages eine Provision und ggf. Servicepauschale vom Produktanbieter. Diese Provision ist nicht separat vom Kunden an die Smarter Finance oder dem Vermittler f\u00fcr Smarter Finance zu bezahlen, sondern bereits im Versicherungsbeitrag enthalten. Die Empfehlung und der Rat der Smarter Finance 24 GmbH erfolgen objektiv, ausgewogen und aus einer hinreichenden Zahl von auf dem Markt angebotenen Versicherungstarifen und Investmentfonds diverser Anbieter. Grundlage f\u00fcr die Entscheidungen sind neben den pers\u00f6nlichen W\u00fcnschen und Zielen des Kunden seine weiteren, insbesondere im Rahmen der Risikoanalyse gemachten Angaben. Eine Gesamt\u00fcbersicht der Versicherungs- und Investmentgesellschaften kann auf Wunsch ausgeh\u00e4ndigt werden. Sollte im Einzelfall auf Grundlage einer eingeschr\u00e4nkten Marktauswahl beraten werden, so geschieht dies entweder auf ausdr\u00fccklichen Wunsch des Kunden oder der Vermittler wird vor der Beratung gesondert darauf hinweisen.<\/p>\n\n\n\n<p><strong>Registrierungsstellen<\/strong><br>F\u00fcr die Smarter Finance 24 GmbH zust\u00e4ndige IHK:<br>IHK Potsdam, Breite Str. 2A-C, 14467 Potsdam<br>Telefon: +49 331 27860<br>E-Mail: info@ihk-potsdam.de<br>Internet:&nbsp;<a href=\"https:\/\/www.ihk.de\/potsdam\/\">www.ihk.de\/potsdam\/<\/a><\/p>\n\n\n\n<p>Registrierungsnummer Versicherungsvermittlung: D-AC9I-ESE11-54 (\u00a7 34d Abs. 1 GewO)<br>Registrierungsnummer Finanzanlagenvermittlung: D-F-107-QJ94-89 (\u00a734 f Abs. 1 GewO)<\/p>\n\n\n\n<p>F\u00fcr die Smarter Finance 24 GmbH zust\u00e4ndiges Gewerbeamt: Beelitz<\/p>\n\n\n\n<p><strong>Gemeinsame Stelle im Sinne des \u00a7 11 Abs. 1 Nr. 4 Gewerbeordnung<\/strong><br>Deutscher Industrie- und Handelskammertag (DIHK) e.V., Breite Stra\u00dfe 29, 10178 Berlin<br>Telefon: 0180 600585-0 (20 Cent\/Anruf aus dem deutschen Festnetz, h\u00f6chstens 60 Cent\/Anruf aus Mobilfunknetzen)<br>Internet: http:\/\/www.vermittlerregister.info\/<\/p>\n\n\n\n<p><strong>Unmittelbare oder mittelbare Beteiligungen an den Stimmrechten oder am Kapital<\/strong><br>Der Vermittler h\u00e4lt keine solche Beteiligung an einem Versicherungsunternehmen. Ebenso wenig h\u00e4lt ein Versicherungsunternehmen eine solche Beteiligung am Vermittler. Auch die Smarter Finance 24 GmbH h\u00e4lt keine Beteilung an einem Versicherungsunternehmen und auch kein Versicherungsunternehmen eine solche Beteiligung an der Smarter Finance 24 GmbH.<\/p>\n\n\n\n<p><strong>Schlichtungsstellen<\/strong><br>Versicherungsombudsmann e.V., Leipziger Stra\u00dfe 121, 10117 Berlin<br>Tel.: 01804 \u2013 22 44 24 (20 Cent pro Anruf aus dem deutschen Festnetz, h\u00f6chstens 42 Cent\/Min. aus Mobilfunknetzen), Fax: 01804 \u2013 22 44 25 (20 Cent pro Anruf aus dem deutschen Festnetz, h\u00f6chstens 42 Cent\/Min. aus Mobilfunknetzen),<br>E-Mail: beschwerde@versicherungsombudsmann.de, Internet: http:\/\/www.versicherungsombudsmann.de\/<\/p>\n\n\n\n<p>Ombudsmann Private Kranken- und Pflegeversicherung, Postfach 06 02 22, 10052 Berlin<br>Tel.: 01802-550 444 (6 Cent pro Anruf aus dem deutschen Festnetz, h\u00f6chstens 42 Cent\/Min. aus Mobilfunknetzen),<br>Fax: 030-20 45 89 31, Internet: http:\/\/www.pkv-ombudsmann.de\/<\/p>\n\n\n\n<h3 class=\"wp-block-heading\">&nbsp;<\/h3>\n\n\n\n<p><\/p>\n\n\n\n<h3 class=\"wp-block-heading\">Haftung und Inhalte<\/h3>\n\n\n\n<p>Die Inhalte unserer Seiten wurden mit gr\u00f6\u00dfter Sorgfalt erstellt. F\u00fcr die Richtigkeit, Vollst\u00e4ndigkeit und Aktualit\u00e4t der Inhalte k\u00f6nnen wir jedoch keine Gew\u00e4hr \u00fcbernehmen. Als Diensteanbieter sind wir gem\u00e4\u00df \u00a7 7 Abs.1 TMG f\u00fcr eigene Inhalte auf diesen Seiten nach den allgemeinen Gesetzen verantwortlich. Nach \u00a7\u00a7 8 bis 10 TMG sind wir als Diensteanbieter jedoch nicht verpflichtet, \u00fcbermittelte oder gespeicherte fremde Informationen zu \u00fcberwachen oder nach Umst\u00e4nden zu forschen, die auf eine rechtswidrige T\u00e4tigkeit hinweisen. Verpflichtungen zur Entfernung oder Sperrung der Nutzung von Informationen nach den allgemeinen Gesetzen bleiben hiervon unber\u00fchrt. Eine diesbez\u00fcgliche Haftung ist jedoch erst ab dem Zeitpunkt der Kenntnis einer konkreten Rechtsverletzung m\u00f6glich. Bei Bekanntwerden von entsprechenden Rechtsverletzungen werden wir diese Inhalte umgehend entfernen.<\/p>\n\n\n\n<p><\/p>\n\n\n\n<h3 class=\"wp-block-heading\">Datenschutz<\/h3>\n\n\n\n<p>Die Nutzung dieser&nbsp;Webseite ist in der Regel ohne eine Angabe personenbezogener Daten m\u00f6glich. Soweit auf den&nbsp;Seiten personenbezogene Daten (beispielsweise Name, Anschrift, Telefonnummer oder E-Mail-Adresse) erhoben werden, erfolgt dies \u2013 soweit es m\u00f6glich ist\u2013 immer auf freiwilliger Basis. Wir geben Ihre Daten ohne Ihre ausdr\u00fcckliche Zustimmung nicht an Dritte weiter. Wir weisen au\u00dferdem darauf hin, dass die Daten\u00fcbertragung im Internet (wie beispielsweise bei der Kommunikation \u00fcber E-Mail) Sicherheitsl\u00fccken aufweisen kann. Denn ein l\u00fcckenloser Schutz der Daten vor dem Zugriff durch Dritte ist nicht m\u00f6glich. Wir widersprechen hiermit ausdr\u00fccklich der Nutzung von im Rahmen der Impressumspflicht ver\u00f6ffentlichten Kontaktdaten durch Dritte zur \u00dcbersendung von nicht ausdr\u00fccklich angeforderter Werbung und Informationsmaterialien. Die Betreiber dieser Seiten behalten sich ausdr\u00fccklich vor, im Fall der unverlangten Zusendung von Werbeinformationen, etwa durch Spam-Mails, rechtliche Schritte einzuleiten.<\/p>\n\n\n\n<p><\/p>\n\n\n\n<h3 class=\"wp-block-heading\">Google Analytics<\/h3>\n\n\n\n<p>Diese Website benutzt Google Analytics, einen Webanalysedienst der Google Inc. (\u201cGoogle\u201c). Google Analytics verwendet sog. \u201cCookies\u201c, Textdateien, die auf Ihrem Computer gespeichert werden und die eine Analyse der Benutzung der Website durch Sie erm\u00f6glicht. Die durch den Cookie erzeugten Informationen \u00fcber Ihre Benutzung diese Website (einschlie\u00dflich Ihrer IP-Adresse) wird an einen Server von Google in den USA \u00fcbertragen und dort gespeichert. Google wird diese Informationen benutzen, um Ihre Nutzung der Website auszuwerten, um Reports \u00fcber die Websiteaktivit\u00e4ten f\u00fcr die Websitebetreiber zusammenzustellen und um weitere mit der Websitenutzung und der Internetnutzung verbundene Dienstleistungen zu erbringen. Auch wird Google diese Informationen gegebenenfalls an Dritte \u00fcbertragen, sofern dies gesetzlich vorgeschrieben oder soweit Dritte diese Daten im Auftrag von Google verarbeiten. Google wird in keinem Fall Ihre IP-Adresse mit anderen Daten der Google in Verbindung bringen. Sie k\u00f6nnen die Installation der Cookies durch eine entsprechende Einstellung Ihrer Browser Software verhindern; wir weisen Sie jedoch darauf hin, dass Sie in diesem Fall gegebenenfalls nicht s\u00e4mtliche Funktionen dieser Website voll umf\u00e4nglich nutzen k\u00f6nnen. Durch die Nutzung dieser Website erkl\u00e4ren Sie sich mit der Bearbeitung der \u00fcber Sie erhobenen Daten durch Google in der zuvor beschriebenen Art und Weise und zu dem zuvor benannten Zweck einverstanden. Sie k\u00f6nnen der Erhebung und Speicherung Ihrer Daten jederzeit widersprechen.<\/p>\n","protected":false},"excerpt":{"rendered":"<p>Herausgeber und AnsprechpartnerDaniel Charles Bossenz \/\/ Smarter Finance 24 GmbHDipl. Wirtschaftsjurist (FH), gepr\u00fcfter Versicherungsfachmann (IHK) UnternehmensadresseSmarter Finance 24 GmbHKarl-Koopmann-Platz 414547 Beelitz Postanschrift und B\u00fcroadresse in BerlinJosef-Orlopp-Stra\u00dfe 4610365 Berlin B\u00fcroadresse (Co-Working) in BerlinAlexanderstra\u00dfe 310178 Berlin Telefon: +49 800 267 73 69E-Mail: info \/at\/ smarter-finance \/. \/ de Verantwortlich f\u00fcr den Inhalt der Seiten gem. \u00a7 55 [&hellip;]<\/p>\n","protected":false},"author":2,"featured_media":0,"parent":0,"menu_order":0,"comment_status":"closed","ping_status":"closed","template":"","meta":{"_et_pb_use_builder":"off","_et_pb_old_content":"<!-- wp:paragraph -->\n<p>Herausgeber und Ansprechpartner:<br>Daniel Charles Bossenz \/\/ Smarter Finance 24 GmbH<br>Dipl. Wirtschaftsjurist (FH), gepr\u00fcfter Versicherungsfachmann (IHK)<\/p>\n<!-- \/wp:paragraph -->\n\n<!-- wp:paragraph -->\n<p>Adresse:<\/p>\n<!-- \/wp:paragraph -->\n\n<!-- wp:paragraph -->\n<p>Smarter Finance 24 GmbH<\/p>\n<!-- \/wp:paragraph -->\n\n<!-- wp:paragraph -->\n<p>Josef-Orlopp-Stra\u00dfe 46<\/p>\n<!-- \/wp:paragraph -->\n\n<!-- wp:paragraph -->\n<p>10365 Berlin<\/p>\n<!-- \/wp:paragraph -->\n\n<!-- wp:paragraph -->\n<p>Germany<\/p>\n<!-- \/wp:paragraph -->\n\n<!-- wp:paragraph -->\n<p>Telefon: +49 800 267 73 69<br>E-Mail: daniel \/at\/ smarter-finance.de<\/p>\n<!-- \/wp:paragraph -->\n\n<!-- wp:paragraph -->\n<p>Verantwortlich f\u00fcr den Inhalt der Seiten gem. \u00a7 55 II RStV:<br>Daniel Charles Bossenz<\/p>\n<!-- \/wp:paragraph -->\n\n<!-- wp:heading {\"level\":3} -->\n<h3 class=\"wp-block-heading\">Angaben gem. \u00a7 11 Versicherungsvermittlungsverordnung<\/h3>\n<!-- \/wp:heading -->\n\n<!-- wp:paragraph -->\n<p>Als Versicherungsmakler ist eine Erlaubnis nach \u00a7 34 d GewO und Registrierung im Vermittlerregister zum 1.1.2009 erforderlich. Die Ausweisung obligt einer Pflicht.<\/p>\n<!-- \/wp:paragraph -->\n\n<!-- wp:paragraph -->\n<p>Status gem\u00e4\u00df Gewerbeordnung:<\/p>\n<!-- \/wp:paragraph -->\n\n<!-- wp:paragraph -->\n<p>Als Versicherungsmakler und Investmentberater sind wir selbst\u00e4ndiger und unabh\u00e4ngiger Vertreter der TauRes Gesellschaft f\u00fcr Investmentberatung mbH. TauRes ist als Finanz- und Versicherungsmaklerpool unser Kooperationspartner und auch Handelsmakler&nbsp;gem\u00e4\u00df \u00a7 93 HGB in dem Bereich der Versicherungsvermittlung als Versicherungsmakler gem\u00e4\u00df \u00a7 34 d Absatz 1 der&nbsp;Gewerbeordnung und im Bereich der Finanzanlagenvermittlung gem\u00e4\u00df \u00a7 34 f Absatz 1 Satz 1 Nr. 1 (Investmentfonds) der Gewerbeordnung. TauRes ist nicht verpflichtet, Vertr\u00e4ge f\u00fcr einzelne Produktanbieter zu vermitteln oder f\u00fcr diese zu betreuen, sondern wird im Interesse ihrer Kunden t\u00e4tig. Somit handelt auch der Vermittler im Interesse des Kunden als Versicherungsmakler mit einer Erlaubnis nach \u00a7 34 d Absatz 1 der Gewerbeordnung und als Finanzanlagenvermittler mit einer Erlaubnis nach \u00a7 34 f Absatz 1 Satz 1 Nr. 1 (Investmentfonds) der Gewerbeordnung. TauRes und der Vermittler bieten im Zuge der Vermittlung eine Beratung gem\u00e4\u00df den gesetzlichen Vorgaben an und erhalten f\u00fcr die erfolgreiche Vermittlung eines Versicherungsvertrages eine Provision und ggf. Servicepauschale vom Produktanbieter. Diese Provision ist nicht separat vom Kunden an die TauRes oder den Vermittler zu bezahlen, sondern bereits im Versicherungsbeitrag enthalten. Die Empfehlung und der Rat der TauRes erfolgen objektiv, ausgewogen und aus einer hinreichenden Zahl von auf dem&nbsp;Markt angebotenen Versicherungstarifen und Investmentfonds diverser Anbieter. Grundlage f\u00fcr die Entscheidungen&nbsp;sind neben den pers\u00f6nlichen W\u00fcnschen und Zielen des Kunden seine weiteren, insbesondere im Rahmen der Risikoanalyse gemachten Angaben. Eine Gesamt\u00fcbersicht der Versicherungs- und Investmentgesellschaften kann auf&nbsp;Wunsch ausgeh\u00e4ndigt werden. Sollte im Einzelfall auf Grundlage einer eingeschr\u00e4nkten Marktauswahl beraten werden, so geschieht dies entweder auf ausdr\u00fccklichen Wunsch des Kunden oder der Vermittler wird vor der Beratung gesondert darauf hinweisen.<\/p>\n<!-- \/wp:paragraph -->\n\n<!-- wp:paragraph -->\n<p>Registrierungsstellen:<br>F\u00fcr den Vermittler zust\u00e4ndige IHK: IHK Berlin<br>Telefon: +49 30 31510-0<br>Fax: +49 30 31510-109<br>E-Mail: info@ihk-berlin.de<br>Internet: www.ihk-berlin.de<\/p>\n<!-- \/wp:paragraph -->\n\n<!-- wp:paragraph -->\n<p>F\u00fcr den Vermittler zust\u00e4ndiges Gewerbeamt: Berlin (Lichtenberg)<\/p>\n<!-- \/wp:paragraph -->\n\n<!-- wp:paragraph -->\n<p>Registrierungsnummer Versicherungsvermittlung: D-R3XO-AKGH5-28 (\u00a7 34d Abs. 1 GewO)<br>Registrierungsnummer Finanzanlagenvermittlung: D-F-107-BJ82-69 (\u00a734 f Abs. 1 GewO)<\/p>\n<!-- \/wp:paragraph -->\n\n<!-- wp:paragraph -->\n<p>F\u00fcr die TauRes Gesellschaft f\u00fcr Investmentberatung mbH zust\u00e4ndige IHK:<br>Handelskammer Hamburg, Adolphsplatz 1, 20457 Hamburg<br>Telefon: +49 40 36138-0<br>Fax: +49 40 36138 \u2013 401<br>E-Mail: service@hk24.de<br>Internet: www.hk24.de<\/p>\n<!-- \/wp:paragraph -->\n\n<!-- wp:paragraph -->\n<p>F\u00fcr die TauRes Gesellschaft f\u00fcr Investmentberatung mbH zust\u00e4ndiges Gewerbeamt: Hamburg Mitte<\/p>\n<!-- \/wp:paragraph -->\n\n<!-- wp:paragraph -->\n<p>Registrierungsnummer Versicherungsvermittlung: D-J1T7-Z0O4G-36<br>Registrierungsnummer Finanzanlagenvermittlung: D-F-131-EU9P-72<\/p>\n<!-- \/wp:paragraph -->\n\n<!-- wp:paragraph -->\n<p>Gemeinsame Stelle im Sinne des \u00a7 11 Abs. 1 Nr. 4 Gewerbeordnung<br>Deutscher Industrie- und Handelskammertag (DIHK) e.V., Breite Stra\u00dfe 29, 10178 Berlin<br>Telefon: 0180 600585-0 (20 Cent\/Anruf aus dem deutschen Festnetz, h\u00f6chstens 60 Cent\/Anruf aus Mobilfunknetzen)<br>Internet: http:\/\/www.vermittlerregister.info\/<\/p>\n<!-- \/wp:paragraph -->\n\n<!-- wp:paragraph -->\n<p>Unmittelbare oder mittelbare Beteiligungen an den Stimmrechten oder am Kapital:<br>Der Vermittler h\u00e4lt keine solche Beteiligung an einem Versicherungsunternehmen. Ebenso wenig h\u00e4lt ein<br>Versicherungsunternehmen eine solche Beteiligung am Vermittler. Auch die TauRes Gesellschaft f\u00fcr Investmentberatung mbH h\u00e4lt keine Beteilung an einem Versicherungsunternehmen und auch kein Versicherungsunternehmen eine solche Beteiligung an der TauRes.<\/p>\n<!-- \/wp:paragraph -->\n\n<!-- wp:paragraph -->\n<p>Schlichtungsstellen:<br>Versicherungsombudsmann e.V., Leipziger Stra\u00dfe 121, 10117 Berlin<br>Tel.: 01804 \u2013 22 44 24 (20 Cent pro Anruf aus dem deutschen Festnetz, h\u00f6chstens 42 Cent\/Min. aus Mobilfunknetzen),<br>Fax: 01804 \u2013 22 44 25 (20 Cent pro Anruf aus dem deutschen Festnetz, h\u00f6chstens 42 Cent\/Min. aus Mobilfunknetzen),<br>E-Mail: beschwerde@versicherungsombudsmann.de, Internet: http:\/\/www.versicherungsombudsmann.de\/<\/p>\n<!-- \/wp:paragraph -->\n\n<!-- wp:paragraph -->\n<p>Ombudsmann Private Kranken- und Pflegeversicherung, Postfach 06 02 22, 10052 Berlin<br>Tel.: 01802-550 444 (6 Cent pro Anruf aus dem deutschen Festnetz, h\u00f6chstens 42 Cent\/Min. aus Mobilfunknetzen),<br>Fax: 030-20 45 89 31, Internet: http:\/\/www.pkv-ombudsmann.de\/<\/p>\n<!-- \/wp:paragraph -->\n\n<!-- wp:heading {\"level\":3} -->\n<h3 class=\"wp-block-heading\">Haftung und Inhalte<\/h3>\n<!-- \/wp:heading -->\n\n<!-- wp:paragraph -->\n<p>Die Inhalte unserer Seiten wurden mit gr\u00f6\u00dfter Sorgfalt erstellt. F\u00fcr die Richtigkeit, Vollst\u00e4ndigkeit und Aktualit\u00e4t der Inhalte k\u00f6nnen wir jedoch keine Gew\u00e4hr \u00fcbernehmen. Als Diensteanbieter sind wir gem\u00e4\u00df \u00a7 7 Abs.1 TMG f\u00fcr eigene Inhalte auf diesen Seiten nach den allgemeinen Gesetzen verantwortlich. Nach \u00a7\u00a7 8 bis 10 TMG sind wir als Diensteanbieter jedoch nicht verpflichtet, \u00fcbermittelte oder gespeicherte fremde Informationen zu \u00fcberwachen oder nach Umst\u00e4nden zu forschen, die auf eine rechtswidrige T\u00e4tigkeit hinweisen. Verpflichtungen zur Entfernung oder Sperrung der Nutzung von Informationen nach den allgemeinen Gesetzen bleiben hiervon unber\u00fchrt. Eine diesbez\u00fcgliche Haftung ist jedoch erst ab dem Zeitpunkt der Kenntnis einer konkreten Rechtsverletzung m\u00f6glich. Bei Bekanntwerden von entsprechenden Rechtsverletzungen werden wir diese Inhalte umgehend entfernen.<\/p>\n<!-- \/wp:paragraph -->\n\n<!-- wp:heading {\"level\":3} -->\n<h3 class=\"wp-block-heading\">Datenschutz<\/h3>\n<!-- \/wp:heading -->\n\n<!-- wp:paragraph -->\n<p>Die Nutzung dieser&nbsp;Webseite ist in der Regel ohne eine Angabe personenbezogener Daten m\u00f6glich. Soweit auf den&nbsp;Seiten personenbezogene Daten (beispielsweise Name, Anschrift, Telefonnummer oder E-Mail-Adresse) erhoben werden, erfolgt dies \u2013 soweit es m\u00f6glich ist\u2013 immer auf freiwilliger Basis. Wir geben Ihre Daten ohne Ihre ausdr\u00fcckliche Zustimmung nicht an Dritte weiter. Wir weisen au\u00dferdem darauf hin, dass die Daten\u00fcbertragung im Internet (wie beispielsweise bei der Kommunikation \u00fcber E-Mail) Sicherheitsl\u00fccken aufweisen kann. Denn ein l\u00fcckenloser Schutz der Daten vor dem Zugriff durch Dritte ist nicht m\u00f6glich. Wir widersprechen hiermit ausdr\u00fccklich der Nutzung von im Rahmen der Impressumspflicht ver\u00f6ffentlichten Kontaktdaten durch Dritte zur \u00dcbersendung von nicht ausdr\u00fccklich angeforderter Werbung und Informationsmaterialien. Die Betreiber dieser Seiten behalten sich ausdr\u00fccklich vor, im Fall der unverlangten Zusendung von Werbeinformationen, etwa durch Spam-Mails, rechtliche Schritte einzuleiten.<\/p>\n<!-- \/wp:paragraph -->\n\n<!-- wp:heading {\"level\":3} -->\n<h3 class=\"wp-block-heading\">Google Analytics<\/h3>\n<!-- \/wp:heading -->\n\n<!-- wp:paragraph -->\n<p>Diese Website benutzt Google Analytics, einen Webanalysedienst der Google Inc. (\u201dGoogle\u201d). Google Analytics verwendet sog. \u201dCookies\u201d, Textdateien, die auf Ihrem Computer gespeichert werden und die eine Analyse der Benutzung der Website durch Sie erm\u00f6glicht. Die durch den Cookie erzeugten Informationen \u00fcber Ihre Benutzung diese Website (einschlie\u00dflich Ihrer IP-Adresse) wird an einen Server von Google in den USA \u00fcbertragen und dort gespeichert. Google wird diese Informationen benutzen, um Ihre Nutzung der Website auszuwerten, um Reports \u00fcber die Websiteaktivit\u00e4ten f\u00fcr die Websitebetreiber zusammenzustellen und um weitere mit der Websitenutzung und der Internetnutzung verbundene Dienstleistungen zu erbringen. Auch wird Google diese Informationen gegebenenfalls an Dritte \u00fcbertragen, sofern dies gesetzlich vorgeschrieben oder soweit Dritte diese Daten im Auftrag von Google verarbeiten. Google wird in keinem Fall Ihre IP-Adresse mit anderen Daten der Google in Verbindung bringen. Sie k\u00f6nnen die Installation der Cookies durch eine entsprechende Einstellung Ihrer Browser Software verhindern; wir weisen Sie jedoch darauf hin, dass Sie in diesem Fall gegebenenfalls nicht s\u00e4mtliche Funktionen dieser Website voll umf\u00e4nglich nutzen k\u00f6nnen. Durch die Nutzung dieser Website erkl\u00e4ren Sie sich mit der Bearbeitung der \u00fcber Sie erhobenen Daten durch Google in der zuvor beschriebenen Art und Weise und zu dem zuvor benannten Zweck einverstanden. Sie k\u00f6nnen der Erhebung und Speicherung Ihrer Daten jederzeit widersprechen.<\/p>\n<!-- \/wp:paragraph -->","_et_gb_content_width":"","footnotes":""},"class_list":["post-59","page","type-page","status-publish","hentry"],"_links":{"self":[{"href":"https:\/\/smarter-finance.de\/index.php?rest_route=\/wp\/v2\/pages\/59","targetHints":{"allow":["GET"]}}],"collection":[{"href":"https:\/\/smarter-finance.de\/index.php?rest_route=\/wp\/v2\/pages"}],"about":[{"href":"https:\/\/smarter-finance.de\/index.php?rest_route=\/wp\/v2\/types\/page"}],"author":[{"embeddable":true,"href":"https:\/\/smarter-finance.de\/index.php?rest_route=\/wp\/v2\/users\/2"}],"replies":[{"embeddable":true,"href":"https:\/\/smarter-finance.de\/index.php?rest_route=%2Fwp%2Fv2%2Fcomments&post=59"}],"version-history":[{"count":6,"href":"https:\/\/smarter-finance.de\/index.php?rest_route=\/wp\/v2\/pages\/59\/revisions"}],"predecessor-version":[{"id":2208,"href":"https:\/\/smarter-finance.de\/index.php?rest_route=\/wp\/v2\/pages\/59\/revisions\/2208"}],"wp:attachment":[{"href":"https:\/\/smarter-finance.de\/index.php?rest_route=%2Fwp%2Fv2%2Fmedia&parent=59"}],"curies":[{"name":"wp","href":"https:\/\/api.w.org\/{rel}","templated":true}]}}